{"id":82,"date":"2014-08-05T19:29:24","date_gmt":"2014-08-05T17:29:24","guid":{"rendered":"http:\/\/internationale-gaerten.de\/wordpress\/?page_id=82"},"modified":"2024-08-05T15:25:52","modified_gmt":"2024-08-05T14:25:52","slug":"downloads","status":"publish","type":"page","link":"http:\/\/internationale-gaerten.de\/?page_id=82","title":{"rendered":"Downloads"},"content":{"rendered":"<p><img loading=\"lazy\" decoding=\"async\" class=\"size-thumbnail wp-image-3027 alignright\" src=\"http:\/\/internationale-gaerten.de\/wordpress\/wp-content\/uploads\/2019\/07\/aktuelles-Logo_var-1-150x150.jpg\" alt=\"\" width=\"150\" height=\"150\" srcset=\"http:\/\/internationale-gaerten.de\/wordpress\/wp-content\/uploads\/2019\/07\/aktuelles-Logo_var-1-150x150.jpg 150w, http:\/\/internationale-gaerten.de\/wordpress\/wp-content\/uploads\/2019\/07\/aktuelles-Logo_var-1-230x230.jpg 230w\" sizes=\"auto, (max-width: 150px) 100vw, 150px\" \/><\/p>\n<p>Hier finden Sie eine Auswahl an Dokumenten zum Download und zu Ihrer Information. Wenn Sie noch Fragen haben oder mehr \u00fcber den Verein wissen m\u00f6chten, kontaktieren Sie uns gerne.<\/p>\n<p><a href=\"http:\/\/internationale-gaerten.de\/wordpress\/wp-content\/uploads\/2014\/07\/pdficon_large.png\"><img loading=\"lazy\" decoding=\"async\" class=\"alignnone size-full wp-image-171\" src=\"http:\/\/internationale-gaerten.de\/wordpress\/wp-content\/uploads\/2014\/07\/pdficon_large.png\" alt=\"pdficon_large\" width=\"32\" height=\"32\" \/><\/a>\u00a0Mitgliedschaftsantrag f\u00fcr die Internationalen G\u00e4rten e. V. G\u00f6ttingen\u00a0<a href=\"http:\/\/internationale-gaerten.de\/wordpress\/wp-content\/uploads\/2020\/08\/Mitgliedschaftsantrag-IGGOe-2020.pdf\" target=\"_blank\" rel=\"noopener noreferrer\">Download PDF &gt;<\/a><\/p>\n<p><a href=\"http:\/\/internationale-gaerten.de\/wordpress\/wp-content\/uploads\/2014\/07\/pdficon_large.png\"><img loading=\"lazy\" decoding=\"async\" class=\"alignnone size-full wp-image-171\" src=\"http:\/\/internationale-gaerten.de\/wordpress\/wp-content\/uploads\/2014\/07\/pdficon_large.png\" alt=\"pdficon_large\" width=\"32\" height=\"32\" \/><\/a> Flyer des Vereins Internationale G\u00e4rten e. V. G\u00f6ttingen\u00a0 <a href=\"http:\/\/internationale-gaerten.de\/wordpress\/wp-content\/uploads\/2023\/06\/Flyer-Int.-Gaerten_Vorderseite_2023.jpg\">Download Vorderseite<\/a>\u00a0\u00a0<a href=\"http:\/\/internationale-gaerten.de\/wordpress\/wp-content\/uploads\/2023\/06\/Flyer-Int.-Gaerten_Rueckseite_2023.jpg\">Download R\u00fcckseite<\/a><\/p>\n<p><a href=\"http:\/\/internationale-gaerten.de\/wordpress\/wp-content\/uploads\/2014\/07\/pdficon_large.png\"><img loading=\"lazy\" decoding=\"async\" class=\"alignnone size-full wp-image-171\" src=\"http:\/\/internationale-gaerten.de\/wordpress\/wp-content\/uploads\/2014\/07\/pdficon_large.png\" alt=\"pdficon_large\" width=\"32\" height=\"32\" \/><\/a>\u00a0Vereinssatzung (Stand 19.09.2014)\u00a0<a href=\"http:\/\/internationale-gaerten.de\/wordpress\/wp-content\/uploads\/2018\/02\/Satzung-Internationale-G\u00e4rten-Gottingen-19.09.2014-.pdf\" target=\"_blank\" rel=\"noopener noreferrer\">Download PDF &gt;<\/a><\/p>\n<p><a href=\"http:\/\/internationale-gaerten.de\/wordpress\/wp-content\/uploads\/2014\/07\/pdficon_large.png\"><img loading=\"lazy\" decoding=\"async\" class=\"alignnone size-full wp-image-171\" src=\"http:\/\/internationale-gaerten.de\/wordpress\/wp-content\/uploads\/2014\/07\/pdficon_large.png\" alt=\"pdficon_large\" width=\"32\" height=\"32\" \/><\/a> Gartenregeln (Stand 17.11.2017) <a href=\"http:\/\/internationale-gaerten.de\/wordpress\/wp-content\/uploads\/2018\/02\/Gartenregeln-Int-G\u00e4rten-G\u00f6ttingen-Fassung17-11-2017.pdf\" target=\"_blank\" rel=\"noopener noreferrer\">Download PDF &gt;<\/a><\/p>\n<p><a href=\"http:\/\/internationale-gaerten.de\/wordpress\/wp-content\/uploads\/2014\/07\/pdficon_large.png\">\u00a0\u00a0\u00a0\u00a0\u00a0\u00a0\u00a0\u00a0\u00a0\u00a0\u00a0\u00a0\u00a0\u00a0 <img loading=\"lazy\" decoding=\"async\" class=\"alignnone size-full wp-image-171\" src=\"http:\/\/internationale-gaerten.de\/wordpress\/wp-content\/uploads\/2014\/07\/pdficon_large.png\" alt=\"pdficon_large\" width=\"32\" height=\"32\" \/><\/a>\u00a0 Gartenregeln \/ \u0642\u0648\u0627\u0639\u062f \u0627\u0644\u062d\u062f\u064a\u0642\u0629 (kurz \/ short description): \u0639\u0631\u0628\u064a\u00a0 (arabisch) <a href=\"http:\/\/internationale-gaerten.de\/wordpress\/wp-content\/uploads\/2021\/03\/\u0628\u0639\u0636-\u0642\u0648\u0627\u0639\u062f-\u0627\u0644\u0628\u0633\u062a\u0646\u0629-\u0627\u0644\u0647\u0627\u0645\u0629.pdf\" target=\"_blank\" rel=\"noopener noreferrer\">Download PDF &gt;<\/a><\/p>\n<p><a href=\"http:\/\/internationale-gaerten.de\/wordpress\/wp-content\/uploads\/2014\/07\/pdficon_large.png\">\u00a0\u00a0\u00a0\u00a0\u00a0\u00a0\u00a0\u00a0\u00a0\u00a0\u00a0\u00a0\u00a0\u00a0\u00a0 <img loading=\"lazy\" decoding=\"async\" class=\"alignnone size-full wp-image-171\" src=\"http:\/\/internationale-gaerten.de\/wordpress\/wp-content\/uploads\/2014\/07\/pdficon_large.png\" alt=\"pdficon_large\" width=\"32\" height=\"32\" \/><\/a>\u00a0 Gartenregeln \/ \u0642\u0648\u0627\u0646\u06cc\u0646 \u0628\u0627\u063a (kurz \/ short description): \u0641\u0627\u0631\u0633\u06cc (persisch) <a href=\"http:\/\/internationale-gaerten.de\/wordpress\/wp-content\/uploads\/2021\/03\/Gartenregeln_afgh.pdf\" target=\"_blank\" rel=\"noopener noreferrer\">Download PDF &gt;<\/a><\/p>\n<p><a href=\"http:\/\/internationale-gaerten.de\/wordpress\/wp-content\/uploads\/2014\/07\/pdficon_large.png\">\u00a0\u00a0\u00a0\u00a0\u00a0\u00a0\u00a0\u00a0\u00a0\u00a0\u00a0\u00a0\u00a0\u00a0\u00a0 <img loading=\"lazy\" decoding=\"async\" class=\"alignnone size-full wp-image-171\" src=\"http:\/\/internationale-gaerten.de\/wordpress\/wp-content\/uploads\/2014\/07\/pdficon_large.png\" alt=\"pdficon_large\" width=\"32\" height=\"32\" \/><\/a>\u00a0 Gartenregeln (einfache Sprache \/ Kurzfassung): deutsch <a href=\"http:\/\/internationale-gaerten.de\/wordpress\/wp-content\/uploads\/2021\/03\/Gartenregeln_kurz_3_2021.pdf\" target=\"_blank\" rel=\"noopener noreferrer\">Download PDF &gt;<\/a><\/p>\n<p><a href=\"http:\/\/internationale-gaerten.de\/wordpress\/wp-content\/uploads\/2014\/07\/pdficon_large.png\"><img loading=\"lazy\" decoding=\"async\" class=\"alignnone size-full wp-image-171\" src=\"http:\/\/internationale-gaerten.de\/wordpress\/wp-content\/uploads\/2014\/07\/pdficon_large.png\" alt=\"pdficon_large\" width=\"32\" height=\"32\" \/><\/a>\u00a0Lehrimkereiverordnung (Stand 19.07.2014)\u00a0<a href=\"http:\/\/internationale-gaerten.de\/wordpress\/wp-content\/uploads\/2014\/08\/Lehrimkereiverordnung-Int.-G\u00e4rten-2014.pdf\" target=\"_blank\" rel=\"noopener noreferrer\">Download PDF &gt;<\/a><\/p>\n<p><a href=\"http:\/\/internationale-gaerten.de\/wordpress\/wp-content\/uploads\/2014\/07\/pdficon_large.png\"><img loading=\"lazy\" decoding=\"async\" class=\"alignnone size-full wp-image-171\" src=\"http:\/\/internationale-gaerten.de\/wordpress\/wp-content\/uploads\/2014\/07\/pdficon_large.png\" alt=\"pdficon_large\" width=\"32\" height=\"32\" \/><\/a> &#8222;Unsere Arbeitsprinzipien \/ Cooperative Identity&#8220; <a href=\"http:\/\/internationale-gaerten.de\/wordpress\/wp-content\/uploads\/2014\/08\/Arbeitsprinzipien.pdf\" target=\"_blank\" rel=\"noopener noreferrer\">Download PDF &gt;<\/a><\/p>\n<p><a href=\"http:\/\/internationale-gaerten.de\/wordpress\/wp-content\/uploads\/2014\/07\/pdficon_large.png\"><img loading=\"lazy\" decoding=\"async\" class=\"alignnone size-full wp-image-171\" src=\"http:\/\/internationale-gaerten.de\/wordpress\/wp-content\/uploads\/2014\/07\/pdficon_large.png\" alt=\"pdficon_large\" width=\"32\" height=\"32\" \/><\/a> Honig-Flyer Gemeinschaftsgarten Geismar <a href=\"http:\/\/internationale-gaerten.de\/wordpress\/wp-content\/uploads\/2014\/08\/Honig-Flyer-Geismar.pdf\" target=\"_blank\" rel=\"noopener noreferrer\">Download PDF &gt;<\/a><\/p>\n<p><a href=\"http:\/\/internationale-gaerten.de\/wordpress\/wp-content\/uploads\/2014\/07\/pdficon_large.png\"><img loading=\"lazy\" decoding=\"async\" class=\"alignnone size-full wp-image-171\" src=\"http:\/\/internationale-gaerten.de\/wordpress\/wp-content\/uploads\/2014\/07\/pdficon_large.png\" alt=\"pdficon_large\" width=\"32\" height=\"32\" \/><\/a>\u00a0&#8222;15 Jahre Internationale G\u00e4rten e. V.&#8220;\u00a0<a href=\"http:\/\/internationale-gaerten.de\/wordpress\/wp-content\/uploads\/2014\/08\/02_02_15_Jahre_Int_Gaerten_Goettingen.pdf\" target=\"_blank\" rel=\"noopener noreferrer\">Download PDF &gt;<\/a><\/p>\n<p><a href=\"http:\/\/internationale-gaerten.de\/wordpress\/wp-content\/uploads\/2014\/07\/pdficon_large.png\"><img loading=\"lazy\" decoding=\"async\" class=\"alignnone size-full wp-image-171\" src=\"http:\/\/internationale-gaerten.de\/wordpress\/wp-content\/uploads\/2014\/07\/pdficon_large.png\" alt=\"pdficon_large\" width=\"32\" height=\"32\" \/><\/a> Auslagenerstattungs-Formular <a href=\"http:\/\/internationale-gaerten.de\/wordpress\/wp-content\/uploads\/2018\/05\/Auslagenerstattungsfomular-1.pdf\" target=\"_blank\" rel=\"noopener noreferrer\">Download PDF &gt;<\/a><\/p>\n<p>Wir freuen uns \u00fcber neue Mitglieder. Sprechen Sie uns gerne an!<\/p>\n<p>Sie k\u00f6nnen dem Verein beitreten, um eine Parzelle zu bewirtschaften. Ebenso k\u00f6nnen Sie Vereinsmitglied ohne eigene Parzelle werden. Bitte f\u00fcllen Sie daf\u00fcr einen Mitgliedschaftsantrag aus (siehe oben), den Sie unterschrieben an uns zur\u00fcckschicken oder in unserem B\u00fcro in der Geiststra\u00dfe abgeben.<\/p>\n\n\n<p><\/p>\n","protected":false},"excerpt":{"rendered":"<p>Hier finden Sie eine Auswahl an Dokumenten zum Download und zu Ihrer Information. Wenn Sie noch Fragen haben oder mehr \u00fcber den Verein wissen m\u00f6chten, kontaktieren Sie uns gerne. \u00a0Mitgliedschaftsantrag f\u00fcr die Internationalen G\u00e4rten e. V. G\u00f6ttingen\u00a0Download PDF &gt; Flyer&hellip; <\/p>\n","protected":false},"author":1,"featured_media":0,"parent":0,"menu_order":0,"comment_status":"closed","ping_status":"open","template":"","meta":{"two_page_speed":[],"footnotes":""},"class_list":["post-82","page","type-page","status-publish","hentry"],"_links":{"self":[{"href":"http:\/\/internationale-gaerten.de\/index.php?rest_route=\/wp\/v2\/pages\/82","targetHints":{"allow":["GET"]}}],"collection":[{"href":"http:\/\/internationale-gaerten.de\/index.php?rest_route=\/wp\/v2\/pages"}],"about":[{"href":"http:\/\/internationale-gaerten.de\/index.php?rest_route=\/wp\/v2\/types\/page"}],"author":[{"embeddable":true,"href":"http:\/\/internationale-gaerten.de\/index.php?rest_route=\/wp\/v2\/users\/1"}],"replies":[{"embeddable":true,"href":"http:\/\/internationale-gaerten.de\/index.php?rest_route=%2Fwp%2Fv2%2Fcomments&post=82"}],"version-history":[{"count":125,"href":"http:\/\/internationale-gaerten.de\/index.php?rest_route=\/wp\/v2\/pages\/82\/revisions"}],"predecessor-version":[{"id":168474,"href":"http:\/\/internationale-gaerten.de\/index.php?rest_route=\/wp\/v2\/pages\/82\/revisions\/168474"}],"wp:attachment":[{"href":"http:\/\/internationale-gaerten.de\/index.php?rest_route=%2Fwp%2Fv2%2Fmedia&parent=82"}],"curies":[{"name":"wp","href":"https:\/\/api.w.org\/{rel}","templated":true}]}}