{"id":29258,"date":"2021-08-10T08:46:20","date_gmt":"2021-08-10T07:46:20","guid":{"rendered":"http:\/\/internationale-gaerten.de\/?page_id=29258"},"modified":"2021-08-18T10:42:07","modified_gmt":"2021-08-18T09:42:07","slug":"kinderferienprogramm-2021","status":"publish","type":"page","link":"http:\/\/internationale-gaerten.de\/?page_id=29258","title":{"rendered":"Kinderferienprogramm 2021"},"content":{"rendered":"\n<p>Vom 2. August bis zum 6. August 2021 fand in unserem Gemeinschaftsgarten in G\u00f6ttingen-Geismar ein Kinderferienprogramm statt. Die Aktion wurde im Rahmen unseres Projekts &#8222;Atme-dich-frei&#8220; durchgef\u00fchrt.<br><\/p>\n\n\n\n<figure class=\"wp-block-gallery columns-3 is-cropped wp-block-gallery-1 is-layout-flex wp-block-gallery-is-layout-flex\"><ul class=\"blocks-gallery-grid\"><li class=\"blocks-gallery-item\"><figure><a href=\"http:\/\/internationale-gaerten.de\/wordpress\/wp-content\/uploads\/2021\/08\/054-1024x768.jpg\"><img loading=\"lazy\" decoding=\"async\" width=\"1024\" height=\"768\" src=\"http:\/\/internationale-gaerten.de\/wordpress\/wp-content\/uploads\/2021\/08\/054-1024x768.jpg\" alt=\"\" data-id=\"29278\" data-link=\"http:\/\/internationale-gaerten.de\/?attachment_id=29278\" class=\"wp-image-29278\" srcset=\"http:\/\/internationale-gaerten.de\/wordpress\/wp-content\/uploads\/2021\/08\/054-1024x768.jpg 1024w, http:\/\/internationale-gaerten.de\/wordpress\/wp-content\/uploads\/2021\/08\/054-300x225.jpg 300w, http:\/\/internationale-gaerten.de\/wordpress\/wp-content\/uploads\/2021\/08\/054-768x576.jpg 768w, http:\/\/internationale-gaerten.de\/wordpress\/wp-content\/uploads\/2021\/08\/054-1536x1152.jpg 1536w, http:\/\/internationale-gaerten.de\/wordpress\/wp-content\/uploads\/2021\/08\/054-2048x1536.jpg 2048w\" sizes=\"auto, (max-width: 1024px) 100vw, 1024px\" \/><\/a><\/figure><\/li><li class=\"blocks-gallery-item\"><figure><a href=\"http:\/\/internationale-gaerten.de\/wordpress\/wp-content\/uploads\/2021\/08\/032-1024x768.jpg\"><img loading=\"lazy\" decoding=\"async\" width=\"1024\" height=\"768\" src=\"http:\/\/internationale-gaerten.de\/wordpress\/wp-content\/uploads\/2021\/08\/032-1024x768.jpg\" alt=\"\" data-id=\"29279\" data-link=\"http:\/\/internationale-gaerten.de\/?attachment_id=29279\" class=\"wp-image-29279\" srcset=\"http:\/\/internationale-gaerten.de\/wordpress\/wp-content\/uploads\/2021\/08\/032-1024x768.jpg 1024w, http:\/\/internationale-gaerten.de\/wordpress\/wp-content\/uploads\/2021\/08\/032-300x225.jpg 300w, http:\/\/internationale-gaerten.de\/wordpress\/wp-content\/uploads\/2021\/08\/032-768x576.jpg 768w, http:\/\/internationale-gaerten.de\/wordpress\/wp-content\/uploads\/2021\/08\/032-1536x1152.jpg 1536w, http:\/\/internationale-gaerten.de\/wordpress\/wp-content\/uploads\/2021\/08\/032-2048x1536.jpg 2048w\" sizes=\"auto, (max-width: 1024px) 100vw, 1024px\" \/><\/a><\/figure><\/li><li class=\"blocks-gallery-item\"><figure><a href=\"http:\/\/internationale-gaerten.de\/wordpress\/wp-content\/uploads\/2021\/08\/030-1024x768.jpg\"><img loading=\"lazy\" decoding=\"async\" width=\"1024\" height=\"768\" src=\"http:\/\/internationale-gaerten.de\/wordpress\/wp-content\/uploads\/2021\/08\/030-1024x768.jpg\" alt=\"\" data-id=\"29280\" data-link=\"http:\/\/internationale-gaerten.de\/?attachment_id=29280\" class=\"wp-image-29280\" srcset=\"http:\/\/internationale-gaerten.de\/wordpress\/wp-content\/uploads\/2021\/08\/030-1024x768.jpg 1024w, http:\/\/internationale-gaerten.de\/wordpress\/wp-content\/uploads\/2021\/08\/030-300x225.jpg 300w, http:\/\/internationale-gaerten.de\/wordpress\/wp-content\/uploads\/2021\/08\/030-768x576.jpg 768w, http:\/\/internationale-gaerten.de\/wordpress\/wp-content\/uploads\/2021\/08\/030-1536x1152.jpg 1536w, http:\/\/internationale-gaerten.de\/wordpress\/wp-content\/uploads\/2021\/08\/030-2048x1536.jpg 2048w\" sizes=\"auto, (max-width: 1024px) 100vw, 1024px\" \/><\/a><\/figure><\/li><li class=\"blocks-gallery-item\"><figure><a href=\"http:\/\/internationale-gaerten.de\/wordpress\/wp-content\/uploads\/2021\/08\/026-1-1024x768.jpg\"><img loading=\"lazy\" decoding=\"async\" width=\"1024\" height=\"768\" src=\"http:\/\/internationale-gaerten.de\/wordpress\/wp-content\/uploads\/2021\/08\/026-1-1024x768.jpg\" alt=\"\" data-id=\"29282\" data-link=\"http:\/\/internationale-gaerten.de\/?attachment_id=29282\" class=\"wp-image-29282\" srcset=\"http:\/\/internationale-gaerten.de\/wordpress\/wp-content\/uploads\/2021\/08\/026-1-1024x768.jpg 1024w, http:\/\/internationale-gaerten.de\/wordpress\/wp-content\/uploads\/2021\/08\/026-1-300x225.jpg 300w, http:\/\/internationale-gaerten.de\/wordpress\/wp-content\/uploads\/2021\/08\/026-1-768x576.jpg 768w, http:\/\/internationale-gaerten.de\/wordpress\/wp-content\/uploads\/2021\/08\/026-1-1536x1152.jpg 1536w, http:\/\/internationale-gaerten.de\/wordpress\/wp-content\/uploads\/2021\/08\/026-1-2048x1536.jpg 2048w\" sizes=\"auto, (max-width: 1024px) 100vw, 1024px\" \/><\/a><\/figure><\/li><li class=\"blocks-gallery-item\"><figure><a href=\"http:\/\/internationale-gaerten.de\/wordpress\/wp-content\/uploads\/2021\/08\/023-1024x768.jpg\"><img loading=\"lazy\" decoding=\"async\" width=\"1024\" height=\"768\" src=\"http:\/\/internationale-gaerten.de\/wordpress\/wp-content\/uploads\/2021\/08\/023-1024x768.jpg\" alt=\"\" data-id=\"29283\" data-link=\"http:\/\/internationale-gaerten.de\/?attachment_id=29283\" class=\"wp-image-29283\" srcset=\"http:\/\/internationale-gaerten.de\/wordpress\/wp-content\/uploads\/2021\/08\/023-1024x768.jpg 1024w, http:\/\/internationale-gaerten.de\/wordpress\/wp-content\/uploads\/2021\/08\/023-300x225.jpg 300w, http:\/\/internationale-gaerten.de\/wordpress\/wp-content\/uploads\/2021\/08\/023-768x576.jpg 768w, http:\/\/internationale-gaerten.de\/wordpress\/wp-content\/uploads\/2021\/08\/023-1536x1152.jpg 1536w, http:\/\/internationale-gaerten.de\/wordpress\/wp-content\/uploads\/2021\/08\/023-2048x1536.jpg 2048w\" sizes=\"auto, (max-width: 1024px) 100vw, 1024px\" \/><\/a><\/figure><\/li><li class=\"blocks-gallery-item\"><figure><a href=\"http:\/\/internationale-gaerten.de\/wordpress\/wp-content\/uploads\/2021\/08\/016-1-1024x768.jpg\"><img loading=\"lazy\" decoding=\"async\" width=\"1024\" height=\"768\" src=\"http:\/\/internationale-gaerten.de\/wordpress\/wp-content\/uploads\/2021\/08\/016-1-1024x768.jpg\" alt=\"\" data-id=\"29284\" data-link=\"http:\/\/internationale-gaerten.de\/?attachment_id=29284\" class=\"wp-image-29284\" srcset=\"http:\/\/internationale-gaerten.de\/wordpress\/wp-content\/uploads\/2021\/08\/016-1-1024x768.jpg 1024w, http:\/\/internationale-gaerten.de\/wordpress\/wp-content\/uploads\/2021\/08\/016-1-300x225.jpg 300w, http:\/\/internationale-gaerten.de\/wordpress\/wp-content\/uploads\/2021\/08\/016-1-768x576.jpg 768w, http:\/\/internationale-gaerten.de\/wordpress\/wp-content\/uploads\/2021\/08\/016-1-1536x1152.jpg 1536w, http:\/\/internationale-gaerten.de\/wordpress\/wp-content\/uploads\/2021\/08\/016-1-2048x1536.jpg 2048w\" sizes=\"auto, (max-width: 1024px) 100vw, 1024px\" \/><\/a><\/figure><\/li><li class=\"blocks-gallery-item\"><figure><a href=\"http:\/\/internationale-gaerten.de\/wordpress\/wp-content\/uploads\/2021\/08\/024-1024x768.jpg\"><img loading=\"lazy\" decoding=\"async\" width=\"1024\" height=\"768\" src=\"http:\/\/internationale-gaerten.de\/wordpress\/wp-content\/uploads\/2021\/08\/024-1024x768.jpg\" alt=\"\" data-id=\"29285\" data-link=\"http:\/\/internationale-gaerten.de\/?attachment_id=29285\" class=\"wp-image-29285\" srcset=\"http:\/\/internationale-gaerten.de\/wordpress\/wp-content\/uploads\/2021\/08\/024-1024x768.jpg 1024w, http:\/\/internationale-gaerten.de\/wordpress\/wp-content\/uploads\/2021\/08\/024-300x225.jpg 300w, http:\/\/internationale-gaerten.de\/wordpress\/wp-content\/uploads\/2021\/08\/024-768x576.jpg 768w, http:\/\/internationale-gaerten.de\/wordpress\/wp-content\/uploads\/2021\/08\/024-1536x1152.jpg 1536w, http:\/\/internationale-gaerten.de\/wordpress\/wp-content\/uploads\/2021\/08\/024-2048x1536.jpg 2048w\" sizes=\"auto, (max-width: 1024px) 100vw, 1024px\" \/><\/a><\/figure><\/li><li class=\"blocks-gallery-item\"><figure><a href=\"http:\/\/internationale-gaerten.de\/wordpress\/wp-content\/uploads\/2021\/08\/014-1024x768.jpg\"><img loading=\"lazy\" decoding=\"async\" width=\"1024\" height=\"768\" src=\"http:\/\/internationale-gaerten.de\/wordpress\/wp-content\/uploads\/2021\/08\/014-1024x768.jpg\" alt=\"\" data-id=\"29286\" data-link=\"http:\/\/internationale-gaerten.de\/?attachment_id=29286\" class=\"wp-image-29286\" srcset=\"http:\/\/internationale-gaerten.de\/wordpress\/wp-content\/uploads\/2021\/08\/014-1024x768.jpg 1024w, http:\/\/internationale-gaerten.de\/wordpress\/wp-content\/uploads\/2021\/08\/014-300x225.jpg 300w, http:\/\/internationale-gaerten.de\/wordpress\/wp-content\/uploads\/2021\/08\/014-768x576.jpg 768w, http:\/\/internationale-gaerten.de\/wordpress\/wp-content\/uploads\/2021\/08\/014-1536x1152.jpg 1536w, http:\/\/internationale-gaerten.de\/wordpress\/wp-content\/uploads\/2021\/08\/014-2048x1536.jpg 2048w\" sizes=\"auto, (max-width: 1024px) 100vw, 1024px\" \/><\/a><\/figure><\/li><li class=\"blocks-gallery-item\"><figure><a href=\"http:\/\/internationale-gaerten.de\/wordpress\/wp-content\/uploads\/2021\/08\/005-768x1024.jpg\"><img loading=\"lazy\" decoding=\"async\" width=\"768\" height=\"1024\" src=\"http:\/\/internationale-gaerten.de\/wordpress\/wp-content\/uploads\/2021\/08\/005-768x1024.jpg\" alt=\"\" data-id=\"29287\" data-link=\"http:\/\/internationale-gaerten.de\/?attachment_id=29287\" class=\"wp-image-29287\" srcset=\"http:\/\/internationale-gaerten.de\/wordpress\/wp-content\/uploads\/2021\/08\/005-768x1024.jpg 768w, http:\/\/internationale-gaerten.de\/wordpress\/wp-content\/uploads\/2021\/08\/005-225x300.jpg 225w, http:\/\/internationale-gaerten.de\/wordpress\/wp-content\/uploads\/2021\/08\/005-1152x1536.jpg 1152w, http:\/\/internationale-gaerten.de\/wordpress\/wp-content\/uploads\/2021\/08\/005-1536x2048.jpg 1536w, http:\/\/internationale-gaerten.de\/wordpress\/wp-content\/uploads\/2021\/08\/005-scaled.jpg 1920w\" sizes=\"auto, (max-width: 768px) 100vw, 768px\" \/><\/a><\/figure><\/li><li class=\"blocks-gallery-item\"><figure><a href=\"http:\/\/internationale-gaerten.de\/wordpress\/wp-content\/uploads\/2021\/08\/004-1024x768.jpg\"><img loading=\"lazy\" decoding=\"async\" width=\"1024\" height=\"768\" src=\"http:\/\/internationale-gaerten.de\/wordpress\/wp-content\/uploads\/2021\/08\/004-1024x768.jpg\" alt=\"\" data-id=\"29288\" data-link=\"http:\/\/internationale-gaerten.de\/?attachment_id=29288\" class=\"wp-image-29288\" srcset=\"http:\/\/internationale-gaerten.de\/wordpress\/wp-content\/uploads\/2021\/08\/004-1024x768.jpg 1024w, http:\/\/internationale-gaerten.de\/wordpress\/wp-content\/uploads\/2021\/08\/004-300x225.jpg 300w, http:\/\/internationale-gaerten.de\/wordpress\/wp-content\/uploads\/2021\/08\/004-768x576.jpg 768w, http:\/\/internationale-gaerten.de\/wordpress\/wp-content\/uploads\/2021\/08\/004-1536x1152.jpg 1536w, http:\/\/internationale-gaerten.de\/wordpress\/wp-content\/uploads\/2021\/08\/004-2048x1536.jpg 2048w\" sizes=\"auto, (max-width: 1024px) 100vw, 1024px\" \/><\/a><\/figure><\/li><li class=\"blocks-gallery-item\"><figure><a href=\"http:\/\/internationale-gaerten.de\/wordpress\/wp-content\/uploads\/2021\/08\/003-1024x768.jpg\"><img loading=\"lazy\" decoding=\"async\" width=\"1024\" height=\"768\" src=\"http:\/\/internationale-gaerten.de\/wordpress\/wp-content\/uploads\/2021\/08\/003-1024x768.jpg\" alt=\"\" data-id=\"29289\" data-link=\"http:\/\/internationale-gaerten.de\/?attachment_id=29289\" class=\"wp-image-29289\" srcset=\"http:\/\/internationale-gaerten.de\/wordpress\/wp-content\/uploads\/2021\/08\/003-1024x768.jpg 1024w, http:\/\/internationale-gaerten.de\/wordpress\/wp-content\/uploads\/2021\/08\/003-300x225.jpg 300w, http:\/\/internationale-gaerten.de\/wordpress\/wp-content\/uploads\/2021\/08\/003-768x576.jpg 768w, http:\/\/internationale-gaerten.de\/wordpress\/wp-content\/uploads\/2021\/08\/003-1536x1152.jpg 1536w, http:\/\/internationale-gaerten.de\/wordpress\/wp-content\/uploads\/2021\/08\/003-2048x1536.jpg 2048w\" sizes=\"auto, (max-width: 1024px) 100vw, 1024px\" \/><\/a><\/figure><\/li><li class=\"blocks-gallery-item\"><figure><a href=\"http:\/\/internationale-gaerten.de\/wordpress\/wp-content\/uploads\/2021\/08\/002-scaled.jpg\"><img loading=\"lazy\" decoding=\"async\" width=\"1024\" height=\"768\" src=\"http:\/\/internationale-gaerten.de\/wordpress\/wp-content\/uploads\/2021\/08\/002-1024x768.jpg\" alt=\"\" data-id=\"29290\" data-full-url=\"http:\/\/internationale-gaerten.de\/wordpress\/wp-content\/uploads\/2021\/08\/002-scaled.jpg\" data-link=\"http:\/\/internationale-gaerten.de\/?attachment_id=29290\" class=\"wp-image-29290\" srcset=\"http:\/\/internationale-gaerten.de\/wordpress\/wp-content\/uploads\/2021\/08\/002-1024x768.jpg 1024w, http:\/\/internationale-gaerten.de\/wordpress\/wp-content\/uploads\/2021\/08\/002-300x225.jpg 300w, http:\/\/internationale-gaerten.de\/wordpress\/wp-content\/uploads\/2021\/08\/002-768x576.jpg 768w, http:\/\/internationale-gaerten.de\/wordpress\/wp-content\/uploads\/2021\/08\/002-1536x1152.jpg 1536w, http:\/\/internationale-gaerten.de\/wordpress\/wp-content\/uploads\/2021\/08\/002-2048x1536.jpg 2048w\" sizes=\"auto, (max-width: 1024px) 100vw, 1024px\" \/><\/a><\/figure><\/li><\/ul><figcaption class=\"blocks-gallery-caption\">Impressionen aus dem Kinderferienprogramm 2021<\/figcaption><\/figure>\n\n\n\n<p><br>Am Montag haben wir den Winterweizen, den wir im letzten November mit dem Hort 1 der St. Martin-Kita hatten s\u00e4en lassen, bei gutem Wetter und in guter Verfassung des Weizens geerntet. Da kein M\u00e4hdrescher vorhanden war, nahmen wir Scheren f\u00fcr die Kleinen und eine Sichel f\u00fcr die Gro\u00dfen. Wir legten die langen Halme mit den \u00c4hren die ganzen Tage in der H\u00fctte zum Trocknen aus. Sp\u00e4ter wurden die \u00c4hren abgeschnitten und in Stofftaschen gesammelt, die Halme sammelten wir in einem gro\u00dfen Leinentuch, aus dem wir noch einen Strohsack n\u00e4hen werden. Das Dreschen und Verarbeiten der \u00c4hren \u00fcbernehmen die Hort 1-Kinder, wenn sie in 2 Wochen wieder im Hort sein werden.<br><\/p>\n\n\n\n<p>Am Dienstag haben wir mit ganz viel Liebe und Ausdauer das volle Kartoffelprogramm des Umweltzentrum Reinhausen bei uns durchgef\u00fchrt, einschlie\u00dflich Schautafeln, Kartoffeln in T\u00f6pfen zum Ernten. Und vor allem die Spiele, wie Kartoffelsack-H\u00fcpfen oder Kartoffel-Wettrennen.&nbsp;&nbsp;Wir hatten hinterher noch soviel Kartoffeln \u00fcbrig, dass wir noch zweimal Gerichte herstellen konnten (Kartoffelsalat und Kartoffelbrei, alles auf offenem Feuer.<br><\/p>\n\n\n\n<p>Am Mittwoch wurde den Kindern auf angemessene Art und Weise, alles zu den Bienen gezeigt, was sie verstehen und f\u00fchlen, schmecken, riechen usw. k\u00f6nnen. Besonders toll war neben dem Honig schl\u00fcrfen und dem Kauen und Ausspucken der Waben der Einsatz der Klapptafeln zur Entwicklung der Bienen.&nbsp; Die Kinder waren sehr froh, dass unser Imker ihre Einladung zum Mittagessen angenommen hat.<\/p>\n\n\n\n<p>Am Donnerstag gab es einen japanischen Tag im Garten. Es gab liebevoll gefertigte japanische Pfannkuchen mit Spitzkohl und mit Zucchinif\u00fcllung. Es schmeckte allen sehr gut. Danach gab es ein Angebot von Papierfaltarbeiten, das begeistert von den Kindern aufgenommen wurde.<\/p>\n\n\n\n<p><br><\/p>\n","protected":false},"excerpt":{"rendered":"<p>Vom 2. August bis zum 6. August 2021 fand in unserem Gemeinschaftsgarten in G\u00f6ttingen-Geismar ein Kinderferienprogramm statt. Die Aktion wurde im Rahmen unseres Projekts &#8222;Atme-dich-frei&#8220; durchgef\u00fchrt. Am Montag haben wir den Winterweizen, den wir im letzten November mit dem Hort&hellip; <\/p>\n","protected":false},"author":1,"featured_media":0,"parent":0,"menu_order":0,"comment_status":"closed","ping_status":"closed","template":"","meta":{"footnotes":""},"class_list":["post-29258","page","type-page","status-publish","hentry"],"_links":{"self":[{"href":"http:\/\/internationale-gaerten.de\/index.php?rest_route=\/wp\/v2\/pages\/29258","targetHints":{"allow":["GET"]}}],"collection":[{"href":"http:\/\/internationale-gaerten.de\/index.php?rest_route=\/wp\/v2\/pages"}],"about":[{"href":"http:\/\/internationale-gaerten.de\/index.php?rest_route=\/wp\/v2\/types\/page"}],"author":[{"embeddable":true,"href":"http:\/\/internationale-gaerten.de\/index.php?rest_route=\/wp\/v2\/users\/1"}],"replies":[{"embeddable":true,"href":"http:\/\/internationale-gaerten.de\/index.php?rest_route=%2Fwp%2Fv2%2Fcomments&post=29258"}],"version-history":[{"count":7,"href":"http:\/\/internationale-gaerten.de\/index.php?rest_route=\/wp\/v2\/pages\/29258\/revisions"}],"predecessor-version":[{"id":31077,"href":"http:\/\/internationale-gaerten.de\/index.php?rest_route=\/wp\/v2\/pages\/29258\/revisions\/31077"}],"wp:attachment":[{"href":"http:\/\/internationale-gaerten.de\/index.php?rest_route=%2Fwp%2Fv2%2Fmedia&parent=29258"}],"curies":[{"name":"wp","href":"https:\/\/api.w.org\/{rel}","templated":true}]}}